 Determine n(67).
14
Let p(f) = -2*f**3 + 10*f**2 + f + 141. What is p(10)?
-849
Let d(o) = o**3 + 14*o**2 + 28*o - 154. Determine d(-8).
6
Let v(x) = -44*x + 601. Give v(9).
205
Let g(c) = 6*c**2 + 133*c - 3. Determine g(-22).
-25
Let o(v) = -18004*v - 36003. Calculate o(-2).
5
Let n(y) = -2*y**3 - 19*y**2 + 23*y + 313. What is n(-9)?
25
Let m(b) = -b**2 - 85*b + 10164. Give m(-152).
-20
Let a(g) = g**2 - 5*g - 11. Give a(0).
-11
Let z(l) = 126*l - 22554. Calculate z(179).
0
Let v(m) = -48*m**2 + 3701*m - 381. Give v(77).
4
Let s(z) = 177*z - 8663. Calculate s(49).
10
Let t(c) = 25*c**3 - 13*c - 14. Determine t(-1).
-26
Let s(y) = -91*y + 99. Give s(3).
-174
Let c(g) = -24*g + 303. Determine c(9).
87
Let n(r) = 112*r + 433. Determine n(-4).
-15
Let w(h) = -h**2 - 10*h + 2139. Calculate w(41).
48
Let m(b) = 787*b + 19658. Give m(-25).
-17
Let u(k) = 2*k**2 + 393*k + 19299. Determine u(-96).
3
Let w(t) = 2*t**2 - 61*t + 361. Determine w(22).
-13
Let z(t) = 456*t - 3676. Determine z(8).
-28
Let l(g) = 13*g + 1034. What is l(-80)?
-6
Let r(h) = -h**2 - 150*h - 4528. Calculate r(-108).
8
Let l(j) = j**3 + 28*j**2 + 25*j + 1. What is l(-2)?
55
Let o(r) = -2772*r + 11089. What is o(4)?
1
Let j(i) = 2*i**3 + 13*i**2 + 2*i - 47. Give j(-5).
18
Let s(u) = u**3 + u**2 - 14*u - 5. Calculate s(3).
-11
Let m(f) = 6*f**2 - 613*f - 36. Calculate m(0).
-36
Let z(w) = -w**3 - 70*w**2 - 51*w + 1248. Give z(-69).
6
Let l(y) = 17733*y + 124127. What is l(-7)?
-4
Let a(f) = 4*f**2 - 264*f - 17. What is a(66)?
-17
Let d(f) = -218*f + 12640. What is d(58)?
-4
Let q(r) = r**3 - 21*r**2 + 42*r - 65. Calculate q(19).
11
Let z(u) = -u**3 - 22*u**2 - 71*u - 309. Give z(-19).
-43
Let f(c) = 54*c - 525. Calculate f(7).
-147
Let j(w) = -26*w**2 + 7*w - 9. Calculate j(2).
-99
Let o(y) = y**3 + 47*y**2 - 224*y + 1890. Give o(-52).
18
Let b(u) = -369*u + 1947. What is b(5)?
102
Let c(h) = 2*h**2 - 99*h - 998. Give c(58).
-12
Let c(f) = f**3 + 22*f**2 - 220*f + 126. What is c(7)?
7
Let i(x) = 3*x**2 - 18*x + 61. What is i(7)?
82
Let s(w) = -w**2 - 17*w + 577. Calculate s(-34).
-1
Let m(i) = 4*i**3 + 5*i**2 - 56*i + 39. Determine m(7).
1264
Let t(a) = 4556*a + 18236. Give t(-4).
12
Let m(k) = k**2 + 12*k - 4. Determine m(-6).
-40
Let l(v) = v**3 - 33*v**2 + 193*v - 280. What is l(26)?
6
Let c(t) = -3*t**2 + 44*t - 101. Determine c(3).
4
Let l(p) = -23*p**2 - 223*p + 84. Calculate l(-10).
14
Let g(p) = 344*p + 4139. What is g(-12)?
11
Let k(l) = 48*l**2 - 8*l + 4. Determine k(-4).
804
Let h(n) = n**3 - 14*n**2 + 57*n - 168. Calculate h(10).
2
Let i(n) = n**3 - 12*n**2 - 59*n + 202. What is i(15)?
-8
Let g(b) = -186*b - 1125. Calculate g(-6).
-9
Let x(r) = 3*r**3 + 5*r**2 - 21*r + 30. Determine x(3).
93
Let j(r) = -915*r - 7314. Determine j(-8).
6
Let w(r) = 18*r**2 - 14*r - 23. Give w(2).
21
Let w(b) = -b**3 - 16*b**2 + 17*b + 232. Determine w(-19).
992
Let j(i) = -i**3 - 19*i**2 - 51*i - 508. What is j(-18)?
86
Let x(u) = 3*u + 91. What is x(0)?
91
Let u(v) = -v**2 - 29*v - 193. Calculate u(-18).
5
Let h(o) = -110*o - 37. Give h(-1).
73
Let q(d) = -25*d + 7. Give q(-10).
257
Let c(l) = -28*l - 2150. Calculate c(-77).
6
Let d(l) = l**2 - 66*l + 635. Calculate d(54).
-13
Let x(a) = 2*a**3 - 359*a**2 + 2258*a - 1546. Determine x(173).
11
Let f(z) = 88*z + 46. Give f(-2).
-130
Let w(y) = 69*y**2 + 140*y + 5. What is w(-2)?
1
Let u(f) = -104*f - 314. Determine u(-3).
-2
Let p(h) = 8*h**3 + 4*h**2 - 641*h - 644. Determine p(-1).
-7
Let v(x) = -x**2 - 811*x + 14072. Give v(17).
-4
Let j(t) = -15*t - 487. Calculate j(-31).
-22
Let l(f) = -f**3 + 5*f**2 + 22*f - 54. Calculate l(7).
2
Let m(w) = 32*w**3 + 39*w - 86. Determine m(2).
248
Let l(b) = -149*b**2 - 24*b - 24. Calculate l(-1).
-149
Let u(a) = -a**3 - 28*a**2 + 35*a - 280. What is u(-29)?
-454
Let h(i) = 2*i**3 + 209*i**2 + 312*i + 300. Calculate h(-103).
-9
Let m(a) = -4*a**3 + 5*a**2 - 6*a - 24. What is m(-2)?
40
Let v(g) = g**3 - 15*g - 14. Give v(-3).
4
Let y(t) = t**2 + 9*t - 30. Determine y(-12).
6
Let n(q) = 291*q - 12812. Determine n(44).
-8
Let s(m) = -2*m**3 - 970*m**2 - 15913*m - 468. Calculate s(-468).
0
Let r(f) = 2*f**2 - 30*f + 135. What is r(6)?
27
Let k(w) = -w**3 + 28*w**2 - 59*w + 178. What is k(26)?
-4
Let n(v) = -v + 158. Determine n(13).
145
Let w(d) = -97*d + 2509. What is w(26)?
-13
Let w(h) = -8*h**3 - 232*h**2 + 14*h + 356. Calculate w(-29).
-50
Let o(r) = -28*r + 16. Give o(-10).
296
Let z(b) = 9225*b + 55365. Calculate z(-6).
15
Let c(r) = 2610*r - 33942. Give c(13).
-12
Let r(l) = 7*l**2 + 33*l - 6. What is r(-4)?
-26
Let h(o) = 10*o - 271. What is h(10)?
-171
Let k(b) = 17*b**3 - 1002*b**2 - 62*b + 153. Determine k(59).
-24
Let d(c) = 3*c**3 - c + 10. Calculate d(0).
10
Let p(l) = -5*l**3 - 45*l**2 + 10*l + 70. Determine p(-9).
-20
Let w(i) = -1261*i + 20182. Determine w(16).
6
Let x(m) = 5*m**3 + 225*m**2 - 239*m - 402. Calculate x(-46).
12
Let u(p) = -3*p**2 + 8*p + 58. Give u(-7).
-145
Let z(t) = -2*t**3 + 31*t**2 + 22*t - 64. Give z(16).
32
Let u(g) = g**2 - 6*g - 57. Determine u(10).
-17
Let d(o) = 1111*o + 39943. What is d(-36)?
-53
Let j(z) = -19*z + 100. Determine j(17).
-223
Let h(j) = 2*j**3 - 4*j**2 - 45*j + 12. What is h(-4)?
0
Let k(s) = -7*s + 104. Give k(24).
-64
Let v(j) = j**2 + 257*j + 1507. What is v(-6)?
1
Let z(v) = -v**3 - 170*v**2 + 1803*v + 526. Give z(-180).
-14
Let a(t) = 1955*t - 76. Give a(0).
-76
Let r(y) = -2044*y - 26576. Determine r(-13).
-4
Let a(c) = -545*c - 20717. What is a(-38)?
-7
Let w(r) = r**3 - 82*r**2 - 15. Give w(82).
-15
Let y(o) = o**3 + 5*o**2 - 108*o - 303. Determine y(-3).
39
Let c(d) = -2*d**2 - 63*d - 166. Calculate c(-28).
30
Let j(r) = -5*r**2 - 10*r + 76. Determine j(7).
-239
Let t(j) = -j**3 + 8*j**2 - 2*j + 17. Calculate t(6).
77
Let p(l) = -7*l**2 + 20*l + 6. What is p(2)?
18
Let w(y) = -2*y**2 - 60*y - 6. Determine w(-30).
-6
Let m(y) = -y**3 + 42*y**2 + 15*y - 185. Give m(42).
445
Let a(h) = 5*h**3 + 31*h**2 - 8*h - 78. Give a(-6).
6
Let t(m) = -m**3 - 24*m**2 - 165*m - 248. What is t(-11)?
-6
Let h(s) = 1057*s - 10563. Give h(10).
7
Let u(s) = -s**3 - 6*s**2 - 81*s - 313. Calculate u(-4).
-21
Let c(n) = -4*n**2 + 36*n - 18. Calculate c(11).
-106
Let b(d) = -17*d**2 - 590*d + 1171. Determine b(2).
-77
Let x(q) = -357*q - 165. What is x(0)?
-165
Let c(q) = -q**3 - 31*q**2 - 49*q - 134. Calculate c(-29).
-395
Let j(n) = -91*n + 3743. Determine j(41).
12
Let z(c) = -c**3 - 47*c**2 - 511*c - 13. Calculate z(-17).
4
Let t(v) = -28*v + 24. Give t(0).
24
Let c(a) = -a**3 + 47*a**2 - 352*a - 488. What is c(11)?
-4
Let t(b) = -7*b**2 - 64*b - 645. Give t(-11).
-788
Let k(p) = 2*p**3 - 53*p**2 - 44*p + 482. Calculate k(27).
23
Let x(t) = -t**3 + 31*t**2 + 61*t - 142. What is x(33)?
-307
Let s(o) = o**2 - 6*o - 446. Calculate s(-18).
-14
Let w(y) = -y**2 - 79*y - 79. What is w(-78)?
-1
Let s(t) = 8*t**3 + 4*t**2 + 21*t + 33. Calculate s(-3).
-210
Let h(c) = c**3 - 23*c**2 + 88*c + 35. Determine h(16).
-349
Let k(h) = 2*h**3 + 118*h**2 - 124*h - 189. Determine k(-60).
51
Let m(g) = -66*g - 953. What is m(-14)?
-29
Let t(d) = -d**3 - 15*d**2 - 80*d + 6. Give t(-5).
156
Let o(r) = -7*r + 64. Determine o(6).
22
Let z(k) = -k**2 + 42*k + 408. Calculate z(50).
8
Let l(h) = 19*h + 538. Determine l(-29).
-13
Let y(f) = -226*f**3 + 5*f**2 + 6*f + 1. Calculate y(-1).
226
Let j(a) = -a + 612. What is j(34)?
578
Let v(p) = 5*p**3 - 163*p**2 + 642*p + 73. What is v(28)?
17
Let d(a) = -18*a + 456. What is d(24)?
24
Let z(i) = -234*i**2 + 63*i - 61. Calculate z(1).
-232
Let q(n) = -n**2 - 45*n + 94. Calculate q(-47).
0
Let n(h) = 13*h - 694. Calculate n(69).
203
Let i(d) = 44*d + 837. Calculate i(-21).
-87
Let h(j) = -44*j + 2820. Determine h(62).
92
Let l(f) = f**2 + 254*f - 2957. Calculate l(11).
-42
Let g(a) = 2*a**3 + 12*a**2 - 50*a - 4. Give g(3).
8
Let d(p) = -633*p - 1355. Give d(-2).
-89
Let z(p) = 2*p**2 - 22*p + 38. Give z(2).
2
Let a(v) = -v**3 + 49*v**2 + 7*v + 2161. Calculate a(50).
11
Let y(m) = -696*m - 6270. Calculate y(-9).
-6
Let y(b) = -3982*b - 27864. Give y(-7).
10
Let i(z) = -z**3 + 22*z**2 - 22*z - 38. Give i(21).
-59
Let z(n) = -919*n - 918. Calculate z(-1).
1
Let i(u) = -591*u - 4710. Give i(-8).
18
Let n(w) = 4*w**2 + 29*w + 155. Give n(-